{"id":399,"date":"2024-03-11T15:18:24","date_gmt":"2024-03-11T18:18:24","guid":{"rendered":"https:\/\/openst9.com.br\/newsite\/?page_id=399"},"modified":"2024-03-11T15:24:34","modified_gmt":"2024-03-11T18:24:34","slug":"consultoria","status":"publish","type":"page","link":"https:\/\/www.openst9.com.br\/index.php\/consultoria\/","title":{"rendered":"Consultoria"},"content":{"rendered":"\n<div class=\"wp-block-uagb-container title-box uagb-block-984004cc alignfull uagb-is-root-container\"><div class=\"uagb-container-inner-blocks-wrap\">\n<div class=\"wp-block-uagb-container uagb-block-2068362f\">\n<h2 class=\"wp-block-heading page-title has-ast-global-color-5-color has-text-color has-link-color wp-elements-920dedb44ac3d0a789feaa5545031936\">Consultoria<\/h2>\n<\/div>\n\n\n\n<div class=\"wp-block-uagb-container uagb-block-8e15b0a8\">\n<p class=\"title-p has-ast-global-color-5-color has-text-color has-link-color wp-elements-e56f043be02464c049557a2d23755e56\" style=\"font-size:16px\"><span class=\"zip-ai-highlighted\">Uma consultoria de software mal feita, ou n\u00e3o fazer uma consultoria e implantar um sistema s\u00f3 &#8220;porque sim&#8221;, pode levar uma empresa a desperdi\u00e7ar milhares de reais, e muito tempo que poderia ser utilizado em outras finalidades.<\/span><\/p>\n<\/div>\n<\/div><\/div>\n\n\n\n<div style=\"height:60px\" aria-hidden=\"true\" class=\"wp-block-spacer\"><\/div>\n\n\n\n<div class=\"wp-block-uagb-container uagb-block-5abb772e alignfull uagb-is-root-container\"><div class=\"uagb-container-inner-blocks-wrap\">\n<div class=\"wp-block-uagb-container uagb-block-fdbca8dc\">\n<p class=\"services-p\">J\u00e1 vi empresas que gastaram R$ 500 mil em sistema para controle financeiro de grandes empresas, que nunca entraram no ar. Gastaram meio milh\u00e3o com usu\u00e1rios, servidores, licen\u00e7as de sistema e funcion\u00e1rios para implanta\u00e7\u00e3o, que demorou 1 ano e meio para descobrirem que j\u00e1 tinham gastado muito e iam cancelar o projeto. Ou seja, n\u00e3o chegou a ser utilizado. Tudo isso porque queriam usar o sistema &#8220;top&#8221; que todo mundo falava que era o melhor do mercado.<\/p>\n\n\n\n<p class=\"services-p\">Mas a pergunta que fica \u00e9: Ok, \u00e9 o melhor do mercado, mas \u00e9 o melhor para a sua empresa? Ele vai fazer o que sua empresa precisa ou sua empresa ter\u00e1 que fazer o que o sistema precisa?<\/p>\n\n\n\n<p class=\"services-p\">Por isso, na&nbsp;consultoria \u00e9 feito uma an\u00e1lise minuciosa de como a empresa funciona, todas as etapas, onde devem existir os acompanhamentos e qual tipo de controle deve ser implantado. A partir da\u00ed \u00e9 recomendado qual sistema <em>freesoftware <\/em>\u00e9 o&nbsp;melhor para as rotinas da empresa.<\/p>\n<\/div>\n\n\n\n<div class=\"wp-block-uagb-container uagb-block-2ad17579\">\n<div class=\"wp-block-jetpack-slideshow aligncenter consult-slide\" data-autoplay=\"true\" data-delay=\"4\" data-effect=\"slide\"><div class=\"wp-block-jetpack-slideshow_container swiper-container\"><ul class=\"wp-block-jetpack-slideshow_swiper-wrapper swiper-wrapper\"><li class=\"wp-block-jetpack-slideshow_slide swiper-slide\"><figure><img loading=\"lazy\" decoding=\"async\" width=\"300\" height=\"68\" alt=\"\" class=\"wp-block-jetpack-slideshow_image wp-image-238\" data-id=\"238\" src=\"https:\/\/openst9.com.br\/newsite\/wp-content\/uploads\/2024\/03\/suitecrm-300x68.png\" srcset=\"https:\/\/www.openst9.com.br\/wp-content\/uploads\/2024\/03\/suitecrm-300x68.png 300w, https:\/\/www.openst9.com.br\/wp-content\/uploads\/2024\/03\/suitecrm-1024x232.png 1024w, https:\/\/www.openst9.com.br\/wp-content\/uploads\/2024\/03\/suitecrm-768x174.png 768w, https:\/\/www.openst9.com.br\/wp-content\/uploads\/2024\/03\/suitecrm.png 1526w\" sizes=\"auto, (max-width: 300px) 100vw, 300px\" \/><\/figure><\/li><li class=\"wp-block-jetpack-slideshow_slide swiper-slide\"><figure><img loading=\"lazy\" decoding=\"async\" width=\"300\" height=\"62\" alt=\"\" class=\"wp-block-jetpack-slideshow_image wp-image-237\" data-id=\"237\" src=\"https:\/\/openst9.com.br\/newsite\/wp-content\/uploads\/2024\/03\/joomla-300x62.png\" srcset=\"https:\/\/www.openst9.com.br\/wp-content\/uploads\/2024\/03\/joomla-300x62.png 300w, https:\/\/www.openst9.com.br\/wp-content\/uploads\/2024\/03\/joomla-768x159.png 768w, https:\/\/www.openst9.com.br\/wp-content\/uploads\/2024\/03\/joomla.png 1024w\" sizes=\"auto, (max-width: 300px) 100vw, 300px\" \/><\/figure><\/li><li class=\"wp-block-jetpack-slideshow_slide swiper-slide\"><figure><img loading=\"lazy\" decoding=\"async\" width=\"300\" height=\"76\" alt=\"\" class=\"wp-block-jetpack-slideshow_image wp-image-182\" data-id=\"182\" src=\"https:\/\/openst9.com.br\/newsite\/wp-content\/uploads\/2023\/10\/mautic-300x76.png\" srcset=\"https:\/\/www.openst9.com.br\/wp-content\/uploads\/2023\/10\/mautic-300x76.png 300w, https:\/\/www.openst9.com.br\/wp-content\/uploads\/2023\/10\/mautic-768x195.png 768w, https:\/\/www.openst9.com.br\/wp-content\/uploads\/2023\/10\/mautic.png 987w\" sizes=\"auto, (max-width: 300px) 100vw, 300px\" \/><\/figure><\/li><li class=\"wp-block-jetpack-slideshow_slide swiper-slide\"><figure><img loading=\"lazy\" decoding=\"async\" width=\"300\" height=\"77\" alt=\"\" class=\"wp-block-jetpack-slideshow_image wp-image-181\" data-id=\"181\" src=\"https:\/\/openst9.com.br\/newsite\/wp-content\/uploads\/2023\/10\/pentaho-300x77.png\" srcset=\"https:\/\/www.openst9.com.br\/wp-content\/uploads\/2023\/10\/pentaho-300x77.png 300w, https:\/\/www.openst9.com.br\/wp-content\/uploads\/2023\/10\/pentaho-768x197.png 768w, https:\/\/www.openst9.com.br\/wp-content\/uploads\/2023\/10\/pentaho.png 816w\" sizes=\"auto, (max-width: 300px) 100vw, 300px\" \/><\/figure><\/li><li class=\"wp-block-jetpack-slideshow_slide swiper-slide\"><figure><img loading=\"lazy\" decoding=\"async\" width=\"300\" height=\"77\" alt=\"\" class=\"wp-block-jetpack-slideshow_image wp-image-180\" data-id=\"180\" src=\"https:\/\/openst9.com.br\/newsite\/wp-content\/uploads\/2023\/10\/php-300x77.png\" srcset=\"https:\/\/www.openst9.com.br\/wp-content\/uploads\/2023\/10\/php-300x77.png 300w, https:\/\/www.openst9.com.br\/wp-content\/uploads\/2023\/10\/php-768x197.png 768w, https:\/\/www.openst9.com.br\/wp-content\/uploads\/2023\/10\/php.png 816w\" sizes=\"auto, (max-width: 300px) 100vw, 300px\" \/><\/figure><\/li><li class=\"wp-block-jetpack-slideshow_slide swiper-slide\"><figure><img loading=\"lazy\" decoding=\"async\" width=\"300\" height=\"77\" alt=\"\" class=\"wp-block-jetpack-slideshow_image wp-image-178\" data-id=\"178\" src=\"https:\/\/openst9.com.br\/newsite\/wp-content\/uploads\/2023\/10\/laravel-1-300x77.png\" srcset=\"https:\/\/www.openst9.com.br\/wp-content\/uploads\/2023\/10\/laravel-1-300x77.png 300w, https:\/\/www.openst9.com.br\/wp-content\/uploads\/2023\/10\/laravel-1-768x197.png 768w, https:\/\/www.openst9.com.br\/wp-content\/uploads\/2023\/10\/laravel-1.png 816w\" sizes=\"auto, (max-width: 300px) 100vw, 300px\" \/><\/figure><\/li><\/ul><a class=\"wp-block-jetpack-slideshow_button-prev swiper-button-prev swiper-button-white\" role=\"button\"><\/a><a class=\"wp-block-jetpack-slideshow_button-next swiper-button-next swiper-button-white\" role=\"button\"><\/a><a aria-label=\"Pause Slideshow\" class=\"wp-block-jetpack-slideshow_button-pause\" role=\"button\"><\/a><div class=\"wp-block-jetpack-slideshow_pagination swiper-pagination swiper-pagination-white\"><\/div><\/div><\/div>\n<\/div>\n<\/div><\/div>\n","protected":false},"excerpt":{"rendered":"<p>Consultoria Uma consultoria de software mal feita, ou n\u00e3o fazer uma consultoria e implantar um sistema s\u00f3 &#8220;porque sim&#8221;, pode levar uma empresa a desperdi\u00e7ar milhares de reais, e muito tempo que poderia ser utilizado em outras finalidades. J\u00e1 vi empresas que gastaram R$ 500 mil em sistema para controle financeiro de grandes empresas, que [&hellip;]<\/p>\n","protected":false},"author":2,"featured_media":0,"parent":0,"menu_order":0,"comment_status":"closed","ping_status":"closed","template":"","meta":{"_acf_changed":false,"_uag_custom_page_level_css":"","site-sidebar-layout":"default","site-content-layout":"","ast-site-content-layout":"","site-content-style":"default","site-sidebar-style":"default","ast-global-header-display":"","ast-banner-title-visibility":"","ast-main-header-display":"","ast-hfb-above-header-display":"","ast-hfb-below-header-display":"","ast-hfb-mobile-header-display":"","site-post-title":"disabled","ast-breadcrumbs-content":"","ast-featured-img":"","footer-sml-layout":"","theme-transparent-header-meta":"","adv-header-id-meta":"","stick-header-meta":"","header-above-stick-meta":"","header-main-stick-meta":"","header-below-stick-meta":"","astra-migrate-meta-layouts":"","ast-page-background-enabled":"default","ast-page-background-meta":{"desktop":{"background-color":"var(--ast-global-color-4)","background-image":"","background-repeat":"repeat","background-position":"center center","background-size":"auto","background-attachment":"scroll","background-type":"","background-media":"","overlay-type":"","overlay-color":"","overlay-opacity":"","overlay-gradient":""},"tablet":{"background-color":"","background-image":"","background-repeat":"repeat","background-position":"center center","background-size":"auto","background-attachment":"scroll","background-type":"","background-media":"","overlay-type":"","overlay-color":"","overlay-opacity":"","overlay-gradient":""},"mobile":{"background-color":"","background-image":"","background-repeat":"repeat","background-position":"center center","background-size":"auto","background-attachment":"scroll","background-type":"","background-media":"","overlay-type":"","overlay-color":"","overlay-opacity":"","overlay-gradient":""}},"ast-content-background-meta":{"desktop":{"background-color":"var(--ast-global-color-5)","background-image":"","background-repeat":"repeat","background-position":"center center","background-size":"auto","background-attachment":"scroll","background-type":"","background-media":"","overlay-type":"","overlay-color":"","overlay-opacity":"","overlay-gradient":""},"tablet":{"background-color":"var(--ast-global-color-5)","background-image":"","background-repeat":"repeat","background-position":"center center","background-size":"auto","background-attachment":"scroll","background-type":"","background-media":"","overlay-type":"","overlay-color":"","overlay-opacity":"","overlay-gradient":""},"mobile":{"background-color":"var(--ast-global-color-5)","background-image":"","background-repeat":"repeat","background-position":"center center","background-size":"auto","background-attachment":"scroll","background-type":"","background-media":"","overlay-type":"","overlay-color":"","overlay-opacity":"","overlay-gradient":""}},"footnotes":""},"class_list":["post-399","page","type-page","status-publish","hentry"],"acf":[],"yoast_head":"<!-- This site is optimized with the Yoast SEO plugin v21.9.1 - https:\/\/yoast.com\/wordpress\/plugins\/seo\/ -->\n<title>Consultoria - Software Livre for ALL<\/title>\n<meta name=\"robots\" content=\"index, follow, max-snippet:-1, max-image-preview:large, max-video-preview:-1\" \/>\n<link rel=\"canonical\" href=\"https:\/\/www.openst9.com.br\/index.php\/consultoria\/\" \/>\n<meta property=\"og:locale\" content=\"pt_BR\" \/>\n<meta property=\"og:type\" content=\"article\" \/>\n<meta property=\"og:title\" content=\"Consultoria - Software Livre for ALL\" \/>\n<meta property=\"og:description\" content=\"Consultoria Uma consultoria de software mal feita, ou n\u00e3o fazer uma consultoria e implantar um sistema s\u00f3 &#8220;porque sim&#8221;, pode levar uma empresa a desperdi\u00e7ar milhares de reais, e muito tempo que poderia ser utilizado em outras finalidades. J\u00e1 vi empresas que gastaram R$ 500 mil em sistema para controle financeiro de grandes empresas, que [&hellip;]\" \/>\n<meta property=\"og:url\" content=\"https:\/\/www.openst9.com.br\/index.php\/consultoria\/\" \/>\n<meta property=\"og:site_name\" content=\"Software Livre for ALL\" \/>\n<meta property=\"article:modified_time\" content=\"2024-03-11T18:24:34+00:00\" \/>\n<meta name=\"twitter:card\" content=\"summary_large_image\" \/>\n<meta name=\"twitter:label1\" content=\"Est. tempo de leitura\" \/>\n\t<meta name=\"twitter:data1\" content=\"2 minutos\" \/>\n<script type=\"application\/ld+json\" class=\"yoast-schema-graph\">{\"@context\":\"https:\/\/schema.org\",\"@graph\":[{\"@type\":\"WebPage\",\"@id\":\"https:\/\/www.openst9.com.br\/index.php\/consultoria\/\",\"url\":\"https:\/\/www.openst9.com.br\/index.php\/consultoria\/\",\"name\":\"Consultoria - Software Livre for ALL\",\"isPartOf\":{\"@id\":\"https:\/\/www.openst9.com.br\/#website\"},\"datePublished\":\"2024-03-11T18:18:24+00:00\",\"dateModified\":\"2024-03-11T18:24:34+00:00\",\"breadcrumb\":{\"@id\":\"https:\/\/www.openst9.com.br\/index.php\/consultoria\/#breadcrumb\"},\"inLanguage\":\"pt-BR\",\"potentialAction\":[{\"@type\":\"ReadAction\",\"target\":[\"https:\/\/www.openst9.com.br\/index.php\/consultoria\/\"]}]},{\"@type\":\"BreadcrumbList\",\"@id\":\"https:\/\/www.openst9.com.br\/index.php\/consultoria\/#breadcrumb\",\"itemListElement\":[{\"@type\":\"ListItem\",\"position\":1,\"name\":\"In\u00edcio\",\"item\":\"https:\/\/www.openst9.com.br\/\"},{\"@type\":\"ListItem\",\"position\":2,\"name\":\"Consultoria\"}]},{\"@type\":\"WebSite\",\"@id\":\"https:\/\/www.openst9.com.br\/#website\",\"url\":\"https:\/\/www.openst9.com.br\/\",\"name\":\"Software Livre for ALL\",\"description\":\"\",\"publisher\":{\"@id\":\"https:\/\/www.openst9.com.br\/#organization\"},\"potentialAction\":[{\"@type\":\"SearchAction\",\"target\":{\"@type\":\"EntryPoint\",\"urlTemplate\":\"https:\/\/www.openst9.com.br\/?s={search_term_string}\"},\"query-input\":\"required name=search_term_string\"}],\"inLanguage\":\"pt-BR\"},{\"@type\":\"Organization\",\"@id\":\"https:\/\/www.openst9.com.br\/#organization\",\"name\":\"Software Livre for ALL\",\"url\":\"https:\/\/www.openst9.com.br\/\",\"logo\":{\"@type\":\"ImageObject\",\"inLanguage\":\"pt-BR\",\"@id\":\"https:\/\/www.openst9.com.br\/#\/schema\/logo\/image\/\",\"url\":\"https:\/\/www.openst9.com.br\/wp-content\/uploads\/2023\/10\/cropped-openst9_black-1.png\",\"contentUrl\":\"https:\/\/www.openst9.com.br\/wp-content\/uploads\/2023\/10\/cropped-openst9_black-1.png\",\"width\":614,\"height\":167,\"caption\":\"Software Livre for ALL\"},\"image\":{\"@id\":\"https:\/\/www.openst9.com.br\/#\/schema\/logo\/image\/\"}}]}<\/script>\n<!-- \/ Yoast SEO plugin. -->","yoast_head_json":{"title":"Consultoria - Software Livre for ALL","robots":{"index":"index","follow":"follow","max-snippet":"max-snippet:-1","max-image-preview":"max-image-preview:large","max-video-preview":"max-video-preview:-1"},"canonical":"https:\/\/www.openst9.com.br\/index.php\/consultoria\/","og_locale":"pt_BR","og_type":"article","og_title":"Consultoria - Software Livre for ALL","og_description":"Consultoria Uma consultoria de software mal feita, ou n\u00e3o fazer uma consultoria e implantar um sistema s\u00f3 &#8220;porque sim&#8221;, pode levar uma empresa a desperdi\u00e7ar milhares de reais, e muito tempo que poderia ser utilizado em outras finalidades. J\u00e1 vi empresas que gastaram R$ 500 mil em sistema para controle financeiro de grandes empresas, que [&hellip;]","og_url":"https:\/\/www.openst9.com.br\/index.php\/consultoria\/","og_site_name":"Software Livre for ALL","article_modified_time":"2024-03-11T18:24:34+00:00","twitter_card":"summary_large_image","twitter_misc":{"Est. tempo de leitura":"2 minutos"},"schema":{"@context":"https:\/\/schema.org","@graph":[{"@type":"WebPage","@id":"https:\/\/www.openst9.com.br\/index.php\/consultoria\/","url":"https:\/\/www.openst9.com.br\/index.php\/consultoria\/","name":"Consultoria - Software Livre for ALL","isPartOf":{"@id":"https:\/\/www.openst9.com.br\/#website"},"datePublished":"2024-03-11T18:18:24+00:00","dateModified":"2024-03-11T18:24:34+00:00","breadcrumb":{"@id":"https:\/\/www.openst9.com.br\/index.php\/consultoria\/#breadcrumb"},"inLanguage":"pt-BR","potentialAction":[{"@type":"ReadAction","target":["https:\/\/www.openst9.com.br\/index.php\/consultoria\/"]}]},{"@type":"BreadcrumbList","@id":"https:\/\/www.openst9.com.br\/index.php\/consultoria\/#breadcrumb","itemListElement":[{"@type":"ListItem","position":1,"name":"In\u00edcio","item":"https:\/\/www.openst9.com.br\/"},{"@type":"ListItem","position":2,"name":"Consultoria"}]},{"@type":"WebSite","@id":"https:\/\/www.openst9.com.br\/#website","url":"https:\/\/www.openst9.com.br\/","name":"Software Livre for ALL","description":"","publisher":{"@id":"https:\/\/www.openst9.com.br\/#organization"},"potentialAction":[{"@type":"SearchAction","target":{"@type":"EntryPoint","urlTemplate":"https:\/\/www.openst9.com.br\/?s={search_term_string}"},"query-input":"required name=search_term_string"}],"inLanguage":"pt-BR"},{"@type":"Organization","@id":"https:\/\/www.openst9.com.br\/#organization","name":"Software Livre for ALL","url":"https:\/\/www.openst9.com.br\/","logo":{"@type":"ImageObject","inLanguage":"pt-BR","@id":"https:\/\/www.openst9.com.br\/#\/schema\/logo\/image\/","url":"https:\/\/www.openst9.com.br\/wp-content\/uploads\/2023\/10\/cropped-openst9_black-1.png","contentUrl":"https:\/\/www.openst9.com.br\/wp-content\/uploads\/2023\/10\/cropped-openst9_black-1.png","width":614,"height":167,"caption":"Software Livre for ALL"},"image":{"@id":"https:\/\/www.openst9.com.br\/#\/schema\/logo\/image\/"}}]}},"jetpack_sharing_enabled":true,"uagb_featured_image_src":{"full":false,"thumbnail":false,"medium":false,"medium_large":false,"large":false,"1536x1536":false,"2048x2048":false},"uagb_author_info":{"display_name":"Nayama Rosa","author_link":"https:\/\/www.openst9.com.br\/index.php\/author\/nayama-rosa\/"},"uagb_comment_info":0,"uagb_excerpt":"Consultoria Uma consultoria de software mal feita, ou n\u00e3o fazer uma consultoria e implantar um sistema s\u00f3 &#8220;porque sim&#8221;, pode levar uma empresa a desperdi\u00e7ar milhares de reais, e muito tempo que poderia ser utilizado em outras finalidades. J\u00e1 vi empresas que gastaram R$ 500 mil em sistema para controle financeiro de grandes empresas, que&hellip;","_links":{"self":[{"href":"https:\/\/www.openst9.com.br\/index.php\/wp-json\/wp\/v2\/pages\/399","targetHints":{"allow":["GET"]}}],"collection":[{"href":"https:\/\/www.openst9.com.br\/index.php\/wp-json\/wp\/v2\/pages"}],"about":[{"href":"https:\/\/www.openst9.com.br\/index.php\/wp-json\/wp\/v2\/types\/page"}],"author":[{"embeddable":true,"href":"https:\/\/www.openst9.com.br\/index.php\/wp-json\/wp\/v2\/users\/2"}],"replies":[{"embeddable":true,"href":"https:\/\/www.openst9.com.br\/index.php\/wp-json\/wp\/v2\/comments?post=399"}],"version-history":[{"count":3,"href":"https:\/\/www.openst9.com.br\/index.php\/wp-json\/wp\/v2\/pages\/399\/revisions"}],"predecessor-version":[{"id":410,"href":"https:\/\/www.openst9.com.br\/index.php\/wp-json\/wp\/v2\/pages\/399\/revisions\/410"}],"wp:attachment":[{"href":"https:\/\/www.openst9.com.br\/index.php\/wp-json\/wp\/v2\/media?parent=399"}],"curies":[{"name":"wp","href":"https:\/\/api.w.org\/{rel}","templated":true}]}}